{"id":2500,"date":"2025-12-03T14:34:16","date_gmt":"2025-12-03T14:34:16","guid":{"rendered":"https:\/\/jepp-teamsport.de\/?post_type=product&#038;p=2500"},"modified":"2026-01-29T16:09:13","modified_gmt":"2026-01-29T16:09:13","slug":"joma-winterjacke-bw-mahlsdorf-waldesruh-royal","status":"publish","type":"product","link":"https:\/\/jepp-teamsport.de\/?product=joma-winterjacke-bw-mahlsdorf-waldesruh-royal","title":{"rendered":"Joma Winterjacke BW Mahlsdorf\/Waldesruh"},"content":{"rendered":"<ul class=\"double-column\">\n<li>Rippenb\u00fcndchen innen<\/li>\n<li>Selbst verstauende und abnehmbare Kapuze<\/li>\n<li>Innentasche<\/li>\n<li>Bequemer Stoff<\/li>\n<li>Innenfutter aus Fleece<\/li>\n<li>Kontrastreiche Farbschnitte<\/li>\n<li>Windbreaker<\/li>\n<li>Wasserdicht<\/li>\n<li>100% Polyester<\/li>\n<\/ul>\n","protected":false},"excerpt":{"rendered":"<p>3\/4-langer Anorak mit Fleece innen, um vor der K\u00e4lte zu isolieren und Sie warm zu halten. Mit verdeckter Kapuze und Kordelzug. Seitentaschen mit Knopfverschluss und eine zus\u00e4tzliche Innentasche mit Kletterschluss. Gesticktes Logo. Inklusive Vereinslogo und Vereinsnamen.<\/p>\n<p>Bitte auf Verf\u00fcgbarkeit pr\u00fcfen und anschlie\u00dfend hier bestellen.<\/p>\n<p><a href=\"https:\/\/www.joma-sport.com\/de_DE\/windjacke-mann-trivor-k%C3%B6nigsblau\/102256.700.html\">Windjacke mann Trivor k\u00f6nigsblau | JOMA\u00ae<\/a><\/p>\n<p>Keine Lagerhaltung. Joma Bestellungen werden gesammelt und sp\u00e4testens am letzten des Monats bestellt (vorausgesetzt ist Lieferbarkeit), danach wird eine Versand- und Bearbeitungszeit von ca. 14 Tage veranschlagt.<\/p>\n<p>Umtausch oder R\u00fcckgabe von bedruckten Artikeln ist ausgeschlossen.<\/p>\n","protected":false},"featured_media":2514,"template":"","meta":[],"product_brand":[],"product_cat":[75],"product_tag":[],"class_list":{"0":"post-2500","1":"product","2":"type-product","3":"status-publish","4":"has-post-thumbnail","6":"product_cat-fsv-bw-mahlsdorf-waldesruh-clubkollektion","8":"first","9":"instock","10":"taxable","11":"shipping-taxable","12":"purchasable","13":"product-type-variable"},"_links":{"self":[{"href":"https:\/\/jepp-teamsport.de\/index.php?rest_route=\/wp\/v2\/product\/2500","targetHints":{"allow":["GET"]}}],"collection":[{"href":"https:\/\/jepp-teamsport.de\/index.php?rest_route=\/wp\/v2\/product"}],"about":[{"href":"https:\/\/jepp-teamsport.de\/index.php?rest_route=\/wp\/v2\/types\/product"}],"wp:featuredmedia":[{"embeddable":true,"href":"https:\/\/jepp-teamsport.de\/index.php?rest_route=\/wp\/v2\/media\/2514"}],"wp:attachment":[{"href":"https:\/\/jepp-teamsport.de\/index.php?rest_route=%2Fwp%2Fv2%2Fmedia&parent=2500"}],"wp:term":[{"taxonomy":"product_brand","embeddable":true,"href":"https:\/\/jepp-teamsport.de\/index.php?rest_route=%2Fwp%2Fv2%2Fproduct_brand&post=2500"},{"taxonomy":"product_cat","embeddable":true,"href":"https:\/\/jepp-teamsport.de\/index.php?rest_route=%2Fwp%2Fv2%2Fproduct_cat&post=2500"},{"taxonomy":"product_tag","embeddable":true,"href":"https:\/\/jepp-teamsport.de\/index.php?rest_route=%2Fwp%2Fv2%2Fproduct_tag&post=2500"}],"curies":[{"name":"wp","href":"https:\/\/api.w.org\/{rel}","templated":true}]}}