{"id":2355,"date":"2025-12-03T11:46:02","date_gmt":"2025-12-03T11:46:02","guid":{"rendered":"https:\/\/jepp-teamsport.de\/?post_type=product&#038;p=2355"},"modified":"2026-01-29T16:16:28","modified_gmt":"2026-01-29T16:16:28","slug":"joma-trainingshose-staff-bw-mahlsdorf-waldesruh-marine","status":"publish","type":"product","link":"https:\/\/jepp-teamsport.de\/?product=joma-trainingshose-staff-bw-mahlsdorf-waldesruh-marine","title":{"rendered":"Joma Trainingshose Staff BW Mahlsdorf\/Waldesruh marine"},"content":{"rendered":"<ul class=\"featuresul\">\n<li>\n<h3>Elastischer Bund<\/h3>\n<\/li>\n<li>\n<h3>Seitentaschen mit Rei\u00dfverschluss<\/h3>\n<\/li>\n<li>\n<h3>Bequemer Stoff<\/h3>\n<\/li>\n<li>\n<h3>Schmaler Schnitt<\/h3>\n<\/li>\n<li>\n<h3>Saum mit Rei\u00dfverschluss<\/h3>\n<\/li>\n<li>\n<h3>Bewegungsfreiheit<\/h3>\n<\/li>\n<li>\n<h3>Passformtyp: regular<\/h3>\n<\/li>\n<li>\n<h3>100% Polyester<\/h3>\n<\/li>\n<\/ul>\n","protected":false},"excerpt":{"rendered":"<p>Lange R\u00f6hrenhose mit Rei\u00dferschl\u00fcssen und Falte am Seitenschlitz, die das An- und Ausziehen des Kleidungsst\u00fccks erleichtern. Mit Rei\u00dferschlusstaschen und elastischem Bund f\u00fcr optimale Passform. Inklusive Vereinslogo.<\/p>\n<p>Bitte auf Verf\u00fcgbarkeit pr\u00fcfen und anschlie\u00dfend hier bestellen.<\/p>\n<p><a href=\"https:\/\/www.joma-sport.com\/de_DE\/lange-hose-mann-staff-marineblau\/100027.331.html\">Lange hose mann Staff marineblau | JOMA\u00ae<\/a><\/p>\n<p>Keine Lagerhaltung. Joma Bestellungen werden gesammelt und sp\u00e4testens am letzten des Monats bestellt (vorausgesetzt ist Lieferbarkeit), danach wird eine Versand- und Bearbeitungszeit von ca. 14 Tage veranschlagt.<\/p>\n<p>Umtausch oder R\u00fcckgabe von bedruckten Artikeln ist ausgeschlossen.<\/p>\n","protected":false},"featured_media":2369,"template":"","meta":[],"product_brand":[],"product_cat":[75],"product_tag":[],"class_list":{"0":"post-2355","1":"product","2":"type-product","3":"status-publish","4":"has-post-thumbnail","6":"product_cat-fsv-bw-mahlsdorf-waldesruh-clubkollektion","8":"first","9":"instock","10":"taxable","11":"shipping-taxable","12":"purchasable","13":"product-type-variable"},"_links":{"self":[{"href":"https:\/\/jepp-teamsport.de\/index.php?rest_route=\/wp\/v2\/product\/2355","targetHints":{"allow":["GET"]}}],"collection":[{"href":"https:\/\/jepp-teamsport.de\/index.php?rest_route=\/wp\/v2\/product"}],"about":[{"href":"https:\/\/jepp-teamsport.de\/index.php?rest_route=\/wp\/v2\/types\/product"}],"wp:featuredmedia":[{"embeddable":true,"href":"https:\/\/jepp-teamsport.de\/index.php?rest_route=\/wp\/v2\/media\/2369"}],"wp:attachment":[{"href":"https:\/\/jepp-teamsport.de\/index.php?rest_route=%2Fwp%2Fv2%2Fmedia&parent=2355"}],"wp:term":[{"taxonomy":"product_brand","embeddable":true,"href":"https:\/\/jepp-teamsport.de\/index.php?rest_route=%2Fwp%2Fv2%2Fproduct_brand&post=2355"},{"taxonomy":"product_cat","embeddable":true,"href":"https:\/\/jepp-teamsport.de\/index.php?rest_route=%2Fwp%2Fv2%2Fproduct_cat&post=2355"},{"taxonomy":"product_tag","embeddable":true,"href":"https:\/\/jepp-teamsport.de\/index.php?rest_route=%2Fwp%2Fv2%2Fproduct_tag&post=2355"}],"curies":[{"name":"wp","href":"https:\/\/api.w.org\/{rel}","templated":true}]}}