{"id":2005,"date":"2025-06-27T14:57:39","date_gmt":"2025-06-27T14:57:39","guid":{"rendered":"https:\/\/jepp-teamsport.de\/?post_type=product&#038;p=2005"},"modified":"2025-06-27T15:03:12","modified_gmt":"2025-06-27T15:03:12","slug":"joma-tasche-training-ii-msv-19-ruedersdorf-schwarz-royal","status":"publish","type":"product","link":"https:\/\/jepp-teamsport.de\/?product=joma-tasche-training-ii-msv-19-ruedersdorf-schwarz-royal","title":{"rendered":"Joma Tasche Training II MSV 19 R\u00fcdersdorf schwarz\/royal"},"content":{"rendered":"<ul class=\"featuresul\">\n<li>\n<h3>Robuster Stoff<\/h3>\n<\/li>\n<li>\n<h3>Seitentasche<\/h3>\n<\/li>\n<li>\n<h3>Hohe Schuhtasche 13 cm<\/h3>\n<\/li>\n<li>\n<h3>Kapazit\u00e4t 63,2 L<\/h3>\n<\/li>\n<li>\n<h3>Abmessungen: H\u00f6he 48 cm x Breite 49 cm x Tiefe 29 cm<\/h3>\n<\/li>\n<li>\n<h3>Gepolsterte Griffe<\/h3>\n<\/li>\n<li>\n<h3>Abnehmbarer Gurt<\/h3>\n<\/li>\n<li>\n<h3>100% Polyester<\/h3>\n<\/li>\n<\/ul>\n","protected":false},"excerpt":{"rendered":"<div id=\"description\" class=\"attbox menu-description-title title current\">\n<div class=\"collapseText\">\n<p>Sporttasche mit gepolstertem Innenfach f\u00fcr Training und Wettkampf. Die Tasche besteht aus Polyamid, einer sehr strapazierf\u00e4higen und leichten Kunstfaser. H\u00f6he: H\u00f6he: 48 cm (H\u00f6he des Schuhfachs: 13 cm). Breite: 49 cm. Tiefe: 32 cm.<\/p>\n<\/div>\n<\/div>\n<p>Bitte auf Verf\u00fcgbarkeit pr\u00fcfen und anschlie\u00dfend hier bestellen.<\/p>\n<p><a href=\"https:\/\/www.joma-sport.com\/de_DE\/sporttasche-grande-training-iii-schwarz-k%C3%B6nigsblau\/400007.107.html\">Sporttasche Grande Training III schwarz k\u00f6nigsblau | JOMA\u00ae<\/a><\/p>\n<p>Keine Lagerhaltung. Joma Bestellungen werden gesammelt und sp\u00e4testens am letzten des Monats bestellt (vorausgesetzt ist Lieferbarkeit), danach wird eine Versand- und Bearbeitungszeit von ca. 14 Tage veranschlagt.<\/p>\n<p>Umtausch oder R\u00fcckgabe von bedruckten Artikeln ist ausgeschlossen.<\/p>\n","protected":false},"featured_media":2017,"template":"","meta":[],"product_brand":[],"product_cat":[72],"product_tag":[],"class_list":{"0":"post-2005","1":"product","2":"type-product","3":"status-publish","4":"has-post-thumbnail","6":"product_cat-msv-19-ruedersdorf-clubkollektion","8":"first","9":"instock","10":"sale","11":"taxable","12":"shipping-taxable","13":"purchasable","14":"product-type-simple"},"_links":{"self":[{"href":"https:\/\/jepp-teamsport.de\/index.php?rest_route=\/wp\/v2\/product\/2005","targetHints":{"allow":["GET"]}}],"collection":[{"href":"https:\/\/jepp-teamsport.de\/index.php?rest_route=\/wp\/v2\/product"}],"about":[{"href":"https:\/\/jepp-teamsport.de\/index.php?rest_route=\/wp\/v2\/types\/product"}],"wp:featuredmedia":[{"embeddable":true,"href":"https:\/\/jepp-teamsport.de\/index.php?rest_route=\/wp\/v2\/media\/2017"}],"wp:attachment":[{"href":"https:\/\/jepp-teamsport.de\/index.php?rest_route=%2Fwp%2Fv2%2Fmedia&parent=2005"}],"wp:term":[{"taxonomy":"product_brand","embeddable":true,"href":"https:\/\/jepp-teamsport.de\/index.php?rest_route=%2Fwp%2Fv2%2Fproduct_brand&post=2005"},{"taxonomy":"product_cat","embeddable":true,"href":"https:\/\/jepp-teamsport.de\/index.php?rest_route=%2Fwp%2Fv2%2Fproduct_cat&post=2005"},{"taxonomy":"product_tag","embeddable":true,"href":"https:\/\/jepp-teamsport.de\/index.php?rest_route=%2Fwp%2Fv2%2Fproduct_tag&post=2005"}],"curies":[{"name":"wp","href":"https:\/\/api.w.org\/{rel}","templated":true}]}}