{"id":1674,"date":"2025-04-11T14:59:16","date_gmt":"2025-04-11T14:59:16","guid":{"rendered":"https:\/\/jepp-teamsport.de\/?post_type=product&#038;p=1674"},"modified":"2025-04-18T08:15:12","modified_gmt":"2025-04-18T08:15:12","slug":"joma-unterzieher-lang-bsc-marzahn-marine","status":"publish","type":"product","link":"https:\/\/jepp-teamsport.de\/?product=joma-unterzieher-lang-bsc-marzahn-marine","title":{"rendered":"Joma Unterzieher lang BSC Marzahn marine"},"content":{"rendered":"<div id=\"features\" class=\"attbox menu-description-title title current\">\n<div class=\"row\">\n<div class=\"col-sm-5 p-0\">\n<ul class=\"featuresul\">\n<li>\n<h3>Elastischer Bund<\/h3>\n<\/li>\n<li>\n<h3>Elastischer, leichter, atmungsaktiver Stoff<\/h3>\n<\/li>\n<li>\n<h3>Flache Flatlock-N\u00e4hte<\/h3>\n<\/li>\n<li>\n<h3>Bewegungsfreiheit<\/h3>\n<\/li>\n<li>\n<h3>Passformtyp: fitted<\/h3>\n<\/li>\n<li>\n<h3>90% Polyester, 10% Elastan<\/h3>\n<\/li>\n<\/ul>\n<\/div>\n<\/div>\n<\/div>\n","protected":false},"excerpt":{"rendered":"<p>Lange Hose, dass dank seiner wasserdichten und atmungsaktien Eigenschaften bei allen Wetterbedingungen perfekten Schutz und Komfort bietet. Schwei\u00dfresistent, leicht, Weich und flexibel. Es zeichnet sich durch gro\u00dfe Bewegungsfreiheit sowie Unterst\u00fctzung und Komfort aus.<\/p>\n<p>Keine Lagerhaltung. Joma Bestellungen werden gesammelt und sp\u00e4testens am letzten des Monats bestellt (vorausgesetzt ist Lieferbarkeit), danach wird eine Versand- und Bearbeitungszeit von ca. 14 Tage veranschlagt.<\/p>\n<p>Umtausch oder R\u00fcckgabe von bedruckten Artikeln ist ausgeschlossen.<\/p>\n","protected":false},"featured_media":1680,"template":"","meta":[],"product_brand":[],"product_cat":[71],"product_tag":[],"class_list":{"0":"post-1674","1":"product","2":"type-product","3":"status-publish","4":"has-post-thumbnail","6":"product_cat-bsc-marzahn-clubkollektion","8":"first","9":"instock","10":"taxable","11":"shipping-taxable","12":"purchasable","13":"product-type-variable"},"_links":{"self":[{"href":"https:\/\/jepp-teamsport.de\/index.php?rest_route=\/wp\/v2\/product\/1674","targetHints":{"allow":["GET"]}}],"collection":[{"href":"https:\/\/jepp-teamsport.de\/index.php?rest_route=\/wp\/v2\/product"}],"about":[{"href":"https:\/\/jepp-teamsport.de\/index.php?rest_route=\/wp\/v2\/types\/product"}],"wp:featuredmedia":[{"embeddable":true,"href":"https:\/\/jepp-teamsport.de\/index.php?rest_route=\/wp\/v2\/media\/1680"}],"wp:attachment":[{"href":"https:\/\/jepp-teamsport.de\/index.php?rest_route=%2Fwp%2Fv2%2Fmedia&parent=1674"}],"wp:term":[{"taxonomy":"product_brand","embeddable":true,"href":"https:\/\/jepp-teamsport.de\/index.php?rest_route=%2Fwp%2Fv2%2Fproduct_brand&post=1674"},{"taxonomy":"product_cat","embeddable":true,"href":"https:\/\/jepp-teamsport.de\/index.php?rest_route=%2Fwp%2Fv2%2Fproduct_cat&post=1674"},{"taxonomy":"product_tag","embeddable":true,"href":"https:\/\/jepp-teamsport.de\/index.php?rest_route=%2Fwp%2Fv2%2Fproduct_tag&post=1674"}],"curies":[{"name":"wp","href":"https:\/\/api.w.org\/{rel}","templated":true}]}}