{"id":1467,"date":"2025-02-22T19:49:07","date_gmt":"2025-02-22T19:49:07","guid":{"rendered":"https:\/\/jepp-teamsport.de\/?post_type=product&#038;p=1467"},"modified":"2025-06-27T08:56:36","modified_gmt":"2025-06-27T08:56:36","slug":"joma-trikot-winner-bsc-marzahn-2","status":"publish","type":"product","link":"https:\/\/jepp-teamsport.de\/?product=joma-trikot-winner-bsc-marzahn-2","title":{"rendered":"Joma Trikot Winner BSC Marzahn blau\/wei\u00df"},"content":{"rendered":"<h2><\/h2>\n<div id=\"features\" class=\"attbox menu-description-title title current\">\n<div class=\"row\">\n<div class=\"col-sm-5 p-0\">\n<ul class=\"featuresul\">\n<li>\n<h3>Leichter und atmungsaktiver Stoff<\/h3>\n<\/li>\n<li>\n<h3>Kontrastreiche Farbschnitte<\/h3>\n<\/li>\n<li>\n<h3>Gesticktes Logo<\/h3>\n<\/li>\n<li>\n<h3>Bewegungsfreiheit<\/h3>\n<\/li>\n<li>\n<h3>Passformtyp: semi fitted<\/h3>\n<\/li>\n<li>\n<h3>100% Polyester<\/h3>\n<\/li>\n<li>\n<h3>Maschinenwaschbar bei maximal 30 Grad<\/h3>\n<\/li>\n<\/ul>\n<\/div>\n<\/div>\n<\/div>\n","protected":false},"excerpt":{"rendered":"<p>Rundhals-Kurzarm-T-Shirt, farblich abgesetzt. Es besticht durch sein Design, mit dem Schnitt und dem aufgesticktem Joma Logo. Mit BSC Marzahn Logo (4,50\u20ac) und Vereinsname (4,50\u20ac) extra.<\/p>\n<p>Bitte auf Verf\u00fcgbarkeit pr\u00fcfen und anschlie\u00dfend hier bestellen.<\/p>\n<p><a href=\"https:\/\/www.joma-sport.com\/de_DE\/kurzarmshirt-mann-winner-marineblau-wei%C3%9F\/100946.331.html\">Kurzarmshirt mann Winner marineblau wei\u00df | JOMA\u00ae<\/a><\/p>\n<p>Keine Lagerhaltung. Joma Bestellungen werden gesammelt und sp\u00e4testens am letzten des Monats bestellt (vorausgesetzt ist Lieferbarkeit), danach wird eine Versand- und Bearbeitungszeit von ca. 14 Tage veranschlagt.<\/p>\n<p>Umtausch oder R\u00fcckgabe von bedruckten Artikeln ist ausgeschlossen.<\/p>\n<p>&nbsp;<\/p>\n","protected":false},"featured_media":1477,"template":"","meta":[],"product_brand":[],"product_cat":[71],"product_tag":[],"class_list":{"0":"post-1467","1":"product","2":"type-product","3":"status-publish","4":"has-post-thumbnail","6":"product_cat-bsc-marzahn-clubkollektion","8":"first","9":"instock","10":"taxable","11":"shipping-taxable","12":"purchasable","13":"product-type-variable"},"_links":{"self":[{"href":"https:\/\/jepp-teamsport.de\/index.php?rest_route=\/wp\/v2\/product\/1467","targetHints":{"allow":["GET"]}}],"collection":[{"href":"https:\/\/jepp-teamsport.de\/index.php?rest_route=\/wp\/v2\/product"}],"about":[{"href":"https:\/\/jepp-teamsport.de\/index.php?rest_route=\/wp\/v2\/types\/product"}],"wp:featuredmedia":[{"embeddable":true,"href":"https:\/\/jepp-teamsport.de\/index.php?rest_route=\/wp\/v2\/media\/1477"}],"wp:attachment":[{"href":"https:\/\/jepp-teamsport.de\/index.php?rest_route=%2Fwp%2Fv2%2Fmedia&parent=1467"}],"wp:term":[{"taxonomy":"product_brand","embeddable":true,"href":"https:\/\/jepp-teamsport.de\/index.php?rest_route=%2Fwp%2Fv2%2Fproduct_brand&post=1467"},{"taxonomy":"product_cat","embeddable":true,"href":"https:\/\/jepp-teamsport.de\/index.php?rest_route=%2Fwp%2Fv2%2Fproduct_cat&post=1467"},{"taxonomy":"product_tag","embeddable":true,"href":"https:\/\/jepp-teamsport.de\/index.php?rest_route=%2Fwp%2Fv2%2Fproduct_tag&post=1467"}],"curies":[{"name":"wp","href":"https:\/\/api.w.org\/{rel}","templated":true}]}}