{"id":2710,"date":"2026-01-03T12:10:56","date_gmt":"2026-01-03T12:10:56","guid":{"rendered":"https:\/\/jepp-teamsport.de\/?page_id=2710"},"modified":"2026-01-03T14:20:13","modified_gmt":"2026-01-03T14:20:13","slug":"grafik-und-gestaltung","status":"publish","type":"page","link":"https:\/\/jepp-teamsport.de\/?page_id=2710","title":{"rendered":"Grafik und Gestaltung"},"content":{"rendered":"\n<p class=\"has-medium-font-size\"><strong><mark style=\"background-color:rgba(0, 0, 0, 0)\" class=\"has-inline-color has-black-color\">Sichtbarkeit und Au\u00dfenwirkung sind enorm wichtig f\u00fcr Vereine und darum unterst\u00fctzen wir kostenlos bei der Gestaltung und Verbreitung von Plakaten f\u00fcr Teamshops, die von uns betreut werden. Aber auch Zaunfahnen, Beachflags, Flyer und Aufkleber sind ein ideales Mittel der Sichtbarkeit und Aufmerksamkeit bei Events und Veranstaltungen. Auch hier erstellen wir ein passendes Angebot mit Entwurf und sorgen f\u00fcr die Umsetzung Ihrer Vorstellungen und W\u00fcnsche. <\/mark><\/strong><\/p>\n\n\n\n<p><\/p>\n","protected":false},"excerpt":{"rendered":"<p>Sichtbarkeit und Au\u00dfenwirkung sind enorm wichtig f\u00fcr Vereine und darum unterst\u00fctzen wir kostenlos bei der Gestaltung und Verbreitung von Plakaten f\u00fcr Teamshops, die von uns betreut werden. Aber auch Zaunfahnen, Beachflags, Flyer und Aufkleber sind ein ideales Mittel der Sichtbarkeit und Aufmerksamkeit bei Events und Veranstaltungen. Auch hier erstellen wir ein passendes Angebot mit Entwurf<\/p>\n<p class=\"more-link\"><a href=\"https:\/\/jepp-teamsport.de\/?page_id=2710\" class=\"themebutton\">Read More<\/a><\/p>\n","protected":false},"author":1,"featured_media":0,"parent":0,"menu_order":0,"comment_status":"closed","ping_status":"closed","template":"","meta":{"footnotes":""},"class_list":["post-2710","page","type-page","status-publish","hentry"],"_links":{"self":[{"href":"https:\/\/jepp-teamsport.de\/index.php?rest_route=\/wp\/v2\/pages\/2710","targetHints":{"allow":["GET"]}}],"collection":[{"href":"https:\/\/jepp-teamsport.de\/index.php?rest_route=\/wp\/v2\/pages"}],"about":[{"href":"https:\/\/jepp-teamsport.de\/index.php?rest_route=\/wp\/v2\/types\/page"}],"author":[{"embeddable":true,"href":"https:\/\/jepp-teamsport.de\/index.php?rest_route=\/wp\/v2\/users\/1"}],"replies":[{"embeddable":true,"href":"https:\/\/jepp-teamsport.de\/index.php?rest_route=%2Fwp%2Fv2%2Fcomments&post=2710"}],"version-history":[{"count":2,"href":"https:\/\/jepp-teamsport.de\/index.php?rest_route=\/wp\/v2\/pages\/2710\/revisions"}],"predecessor-version":[{"id":2715,"href":"https:\/\/jepp-teamsport.de\/index.php?rest_route=\/wp\/v2\/pages\/2710\/revisions\/2715"}],"wp:attachment":[{"href":"https:\/\/jepp-teamsport.de\/index.php?rest_route=%2Fwp%2Fv2%2Fmedia&parent=2710"}],"curies":[{"name":"wp","href":"https:\/\/api.w.org\/{rel}","templated":true}]}}