{"id":2659,"date":"2025-12-30T08:22:04","date_gmt":"2025-12-30T08:22:04","guid":{"rendered":"https:\/\/jepp-teamsport.de\/?page_id=2659"},"modified":"2026-01-25T10:26:15","modified_gmt":"2026-01-25T10:26:15","slug":"pokale-und-sonderanfertigungen","status":"publish","type":"page","link":"https:\/\/jepp-teamsport.de\/?page_id=2659","title":{"rendered":"Pokale und Sonderanfertigungen"},"content":{"rendered":"<\/p>\n\n\n<p class=\"has-medium-font-size\"><strong><mark style=\"background-color:rgba(0, 0, 0, 0)\" class=\"has-inline-color has-black-color\">Mit unserem Gro\u00dfhandelspartner\u00a0f\u00fcr <a href=\"https:\/\/www.ehrenpreis-katalog.de\/epaper\/aktuell\/#0\">Pokale<\/a> und mehr\u00a0haben wir einen zuverl\u00e4ssigen nationalen Hersteller an der Hand, um Ihre ganz individuellen Vorstellungen von Auszeichnungen und Ehrungen zu bedienen. Mit unseren Ger\u00e4ten liefern wir dazu die passenden Gravuren und Aufkleber und k\u00f6nnen z.B. Ihr Vereinslogo und Schriften beliebig platzieren und pr\u00e4sentieren.<\/mark><\/strong><\/p>\n\n\n\n<p class=\"has-medium-font-size\"><strong><mark style=\"background-color:rgba(0, 0, 0, 0)\" class=\"has-inline-color has-black-color\">Und um auch die vermehrte Nachfrage nach Pr\u00e4senten und Geschenken zu bedienen, haben wir nicht nur einen Europ\u00e4ischen Partner und Zulieferer, sondern auch die M\u00f6glichkeit mit unserem Lasergravierer individuelle und personalisierte Artikel anzufertigen. Kontaktieren Sie uns einfach und lassen sich Ihr ganz pers\u00f6nliches und individuelles Angebot erstellen.<\/mark><\/strong><\/p>\n\n\n\n<p class=\"has-medium-font-size\"><strong><mark style=\"background-color:rgba(0, 0, 0, 0)\" class=\"has-inline-color has-black-color\">Zus\u00e4tzlich bieten wir f\u00fcr Vereine nat\u00fcrlich auch Wimpel, Fanschals und alles was das Vereinsherz begehrt an.<\/mark><\/strong><\/p>\n","protected":false},"excerpt":{"rendered":"<p>Mit unserem Gro\u00dfhandelspartner\u00a0f\u00fcr Pokale und mehr\u00a0haben wir einen zuverl\u00e4ssigen nationalen Hersteller an der Hand, um Ihre ganz individuellen Vorstellungen von Auszeichnungen und Ehrungen zu bedienen. Mit unseren Ger\u00e4ten liefern wir dazu die passenden Gravuren und Aufkleber und k\u00f6nnen z.B. Ihr Vereinslogo und Schriften beliebig platzieren und pr\u00e4sentieren. Und um auch die vermehrte Nachfrage nach Pr\u00e4senten<\/p>\n<p class=\"more-link\"><a href=\"https:\/\/jepp-teamsport.de\/?page_id=2659\" class=\"themebutton\">Read More<\/a><\/p>\n","protected":false},"author":1,"featured_media":0,"parent":0,"menu_order":0,"comment_status":"closed","ping_status":"closed","template":"","meta":{"footnotes":""},"class_list":["post-2659","page","type-page","status-publish","hentry"],"_links":{"self":[{"href":"https:\/\/jepp-teamsport.de\/index.php?rest_route=\/wp\/v2\/pages\/2659","targetHints":{"allow":["GET"]}}],"collection":[{"href":"https:\/\/jepp-teamsport.de\/index.php?rest_route=\/wp\/v2\/pages"}],"about":[{"href":"https:\/\/jepp-teamsport.de\/index.php?rest_route=\/wp\/v2\/types\/page"}],"author":[{"embeddable":true,"href":"https:\/\/jepp-teamsport.de\/index.php?rest_route=\/wp\/v2\/users\/1"}],"replies":[{"embeddable":true,"href":"https:\/\/jepp-teamsport.de\/index.php?rest_route=%2Fwp%2Fv2%2Fcomments&post=2659"}],"version-history":[{"count":6,"href":"https:\/\/jepp-teamsport.de\/index.php?rest_route=\/wp\/v2\/pages\/2659\/revisions"}],"predecessor-version":[{"id":2754,"href":"https:\/\/jepp-teamsport.de\/index.php?rest_route=\/wp\/v2\/pages\/2659\/revisions\/2754"}],"wp:attachment":[{"href":"https:\/\/jepp-teamsport.de\/index.php?rest_route=%2Fwp%2Fv2%2Fmedia&parent=2659"}],"curies":[{"name":"wp","href":"https:\/\/api.w.org\/{rel}","templated":true}]}}